
9
Let k = -1 + 3. Suppose 2*h = z - 4, 10 = 2*z - k*h - 2. Suppose 4 = 2*q + 3*j, 2*j - z = -4*q - 0. Calculate the greatest common divisor of 2 and q.
2
Suppose 5*k - 2*h = -0*k + 25, -4*k - h = -7. Suppose -k*c + 10 = -5. Suppose 40 = c*i - i. Calculate the highest common factor of 30 and i.
10
Suppose 0 = 3*o + 2*s - 44, -4*o - o + 40 = -5*s. Let i be 1/(-1) - (-4 - -4). Let q be 3*(3/(-9) - i). Calculate the highest common factor of o and q.
2
Let g(h) = 5*h - 4. Let z be g(2). Calculate the highest common divisor of 42 and z.
6
Let t be 10/(-18)*-3*3. Suppose 0*l - t*l = -275. Calculate the greatest common divisor of l and 5.
5
Suppose -4*g + 7*q + 1100 = 2*q, 3*g - 828 = 3*q. What is the highest common factor of 40 and g?
40
Suppose 0*t - 35 = -5*t. Calculate the highest common factor of 28 and t.
7
Let u(g) = 18*g**2. Let f be u(-1). Let z = 7 + -2. Suppose -z*o + 2*o + 18 = 0. What is the highest common divisor of f and o?
6
Let s(c) = c**3 + 8*c**2 + 4*c + 4. Let z be s(-5). Let g = -26 + z. Let j be 10/2 + 2*-1. What is the greatest common factor of j and g?
3
Let m = 1 + 3. Suppose 20 = -f + 6*f. Suppose -4*q - 2 = 3*j, f*j + j - 50 = m*q. Calculate the greatest common divisor of j and 18.
6
Let j be (11/(308/(-40)))/((-3)/42). Calculate the greatest common factor of j and 110.
10
Let y = -56 - -94. Calculate the greatest common divisor of y and 95.
19
Suppose 0 = 2*g + g - 15. Suppose -g*h - 4 + 24 = 0. Suppose -x - 189 = -h*x. What is the greatest common divisor of 7 and x?
7
Let a be (-2)/7 - (-2 + (-536)/14). Let k = 3 - -7. Calculate the greatest common divisor of k and a.
10
Let x = -3 + 5. Suppose 2*d = 4*u + u + 15, 4*d + 6 = -x*u. Let g be (1 - (-7)/u)*-15. What is the greatest common divisor of g and 180?
20
Let m be 4/14 - (-104)/28. Let p(f) = -f + 9. Let j be p(m). What is the greatest common divisor of 45 and j?
5
Let b(o) = o - 2. Let t be b(5). Suppose 6*d - 180 = 2*d - 4*h, -141 = -t*d - h. What is the greatest common divisor of 6 and d?
6
Let w = -135 + 147. Suppose -4*x = 29 - 461. What is the highest common divisor of x and w?
12
Let k be 36/((-1)/(-2) - -1). Suppose 5*f = -16 - 19. Let s = -1 - f. What is the greatest common divisor of k and s?
6
Let r be (-4)/20 - 2182/(-10). Suppose 8*a + r = 2*k + 3*a, k = -4*a + 83. Suppose 4 = 4*f, 4*f + f - 50 = -5*q. Calculate the highest common factor of q and k.
9
Let c = 3 + 13. Calculate the greatest common factor of c and 128.
16
Suppose 4*t - 4 = 3*t. Let j = 7 + t. What is the highest common factor of j and 11?
11
Let k = -2 + 3. Let c(x) = -x**3 + x**2. Let b be c(2). Let q(v) = v**2 - 5. Let u be q(b). What is the greatest common divisor of k and u?
1
Suppose -2*q = -0*q - 6. Suppose b + q*b - 176 = 0. Calculate the highest common factor of b and 4.
4
Let k be 3/(-5) + (-912)/(-20). Let p = k + -18. What is the highest common divisor of 3 and p?
3
Let z be (0 - 3)*4/3. Let o = z - -7. What is the highest common divisor of 3 and o?
3
Let o = -26 - -34. What is the greatest common factor of 296 and o?
8
Let o be (1 - (-21)/(-9))*-3. Let h(c) = c + 3. Let u be h(-3). Suppose -t - a = -30, u = -o*t - 5*a + 82 + 38. Calculate the highest common factor of t and 6.
6
Let t(g) = 85*g**3 - 2*g**2 + 1. Let n be t(1). Calculate the greatest common factor of 21 and n.
21
Let r(l) = 2*l**2 - 3*l + 1. Let b = 3 + -1. Let d be r(b). Suppose 4*c - 72 = -3*w + 8*c, 0 = 3*w + 3*c - 72. What is the highest common factor of d and w?
3
Let u be (-1148)/(-22) - 18/99. Calculate the highest common factor of u and 364.
52
Suppose a + 52 = -4*l + 121, 0 = -4*l + 4*a + 44. What is the greatest common divisor of 64 and l?
16
Suppose -5*r + 0*r = -4*b - 167, 3*r - 3*b - 99 = 0. What is the highest common factor of 35 and r?
35
Let w be (-30)/45 + (-296)/(-3). What is the highest common factor of w and 14?
14
Suppose -5*t + 57 = -108. Calculate the greatest common factor of 11 and t.
11
Let v(q) = 10*q**2 + 3*q + 1. Let n be v(-2). Let c(r) = -r**3 + 7*r**2 - 7*r + 13. Let i be c(6). What is the highest common divisor of i and n?
7
Let d(c) = c**2 - 5*c - 8. Let k be d(6). Let g be k/5 - 60/(-25). What is the highest common factor of g and 10?
2
Let h be ((-3)/6)/(2/(-8)). Let k be (-8)/(-3)*21/h. Calculate the highest common factor of 14 and k.
14
Let a(f) = -f**2 - 9*f - 9. Let q(s) = -s**3 - 8*s**2 - 6*s + 1. Let u be q(-7). Let n be a(u). Calculate the highest common divisor of 9 and n.
9
Let m = -11 + 25. Let s be (-12)/(-1 + m/18). Let r be -4*(-4)/16 - -5. What is the greatest common divisor of r and s?
6
Suppose 7*l - 20 - 15 = 0. Calculate the greatest common divisor of l and 2.
1
Let t(n) = n**2 - 4*n + 9. Let c be t(4). Calculate the greatest common factor of 63 and c.
9
Let c = 1 + 2. Suppose -4 = 4*n - x, -c*x = 5*n - 0*n - 12. Suppose -429 = -n*y - 3*y. Calculate the highest common divisor of 13 and y.
13
Suppose 0 = -5*m - k - k + 27, -30 = -2*m + 4*k. What is the highest common divisor of m and 56?
7
Suppose -3*b + 933 = 2*n, 0 = -5*n - 7*b + 3*b + 2336. What is the greatest common factor of 18 and n?
18
Let n = -25 + 35. Suppose -67 = -11*v + 43. What is the greatest common factor of n and v?
10
Let t be (-1704)/15 - 4/10. Let i be 4/(-10) + t/(-10). What is the greatest common factor of 11 and i?
11
Let j = 78 + -127. Let l = -29 - j. Calculate the highest common divisor of 20 and l.
20
Suppose 10*b = 4*b + 720. What is the greatest common divisor of 80 and b?
40
Let c = -43 - -88. Suppose 5*u = 911 - 56. Suppose 5*n + 21 - u = 0. Calculate the greatest common divisor of n and c.
15
Suppose 0*w = w - 2. Suppose 0 = 4*b - w*b - 84. What is the highest common divisor of 21 and b?
21
Suppose 0 = o - 3*q - 17, -29 = -2*o + 5*q - 0*q. Calculate the highest common factor of o and 2.
2
Let l be 4/(-4) + (-3)/((-9)/39). What is the highest common divisor of 12 and l?
12
Let d = 55 - 30. What is the highest common factor of d and 100?
25
Suppose 14*x - 523 = -131. Let p = 359 + -174. Let b = -115 + p. What is the highest common divisor of x and b?
14
Let z be (6 + -4)*61/2. Let f be (8*-23)/(-2) + 1. Let t = f - z. Calculate the greatest common divisor of t and 8.
8
Let s be 0*3/9 - -30. Suppose t - 9 = 1. Calculate the highest common factor of s and t.
10
Let i = -15 + -4. Let f be 2 + 1 - 3*i. What is the highest common factor of f and 6?
6
Let j = 26 + -21. What is the greatest common factor of j and 40?
5
Suppose 0*b + 6 = -2*b. Let k be ((-1)/(-4))/(2/16). Let d be (-6)/b - k*-1. What is the highest common factor of 4 and d?
4
Suppose 4*k - 520 = 56. Calculate the greatest common divisor of k and 16.
16
Suppose 0 = 4*j + 5*y - 0*y - 8, 2*j - 3*y - 4 = 0. Calculate the greatest common divisor of j and 6.
2
Let k be (12*2)/(3*2/6). Calculate the highest common divisor of k and 3.
3
Let f(u) = u**3 + 2*u**2 + 1. Let c be f(-2). Suppose 2*t = -3*t - 5*w, -w - 5 = -4*t. What is the highest common factor of c and t?
1
Let r(b) = 19*b**2 + 2*b - 2. Let k be r(1). Let h(s) = -44*s + 1. Let v be h(-3). What is the greatest common factor of k and v?
19
Let d = 4 - 0. Let w be 2*(-3)/d*-2. Suppose -5*b + 5 = 0, -3*k + w*b = -17 - 52. Calculate the greatest common factor of 8 and k.
8
Let c be 1/(-2) + 6/(-4). Let p be c/(-6) - (-358)/6. Suppose 2*v + 4*u - u = p, -v = 3*u - 36. What is the highest common factor of 6 and v?
6
Suppose -312 = 2*d - 4*d. Let b = d + -105. Calculate the greatest common factor of 34 and b.
17
Suppose -16 = -f - 4*u, 0 = -2*f - 2*u + 6 + 2. Suppose 26 = -f*a + a. What is the greatest common factor of 13 and a?
13
Let m(s) = 4*s**2 - 1. Let j be m(1). Let v = -1 - -16. Calculate the greatest common divisor of v and j.
3
Let n = 117 - 62. What is the greatest common factor of 22 and n?
11
Let b = 65 + 90. Suppose -93 = -5*x + 2*x. What is the greatest common factor of b and x?
31
Let s = 4 - 10. Let z be (2/4)/(s/(-324)). What is the greatest common divisor of z and 3?
3
Suppose 11 = 4*a - 5. Suppose 0 = -i + a, -136 - 64 = -4*c - 5*i. Suppose 3*x + 137 = 5*h - c, 0 = 4*x + 16. Calculate the highest common factor of 85 and h.
17
Let g(j) = -j**3 - j**2 + 5*j + 3. Let i be g(-3). Let u = 22 - i. Calculate the highest common factor of u and 128.
16
Suppose -4*